 5?
3
Let q be (-20)/28 + 2/(-7). Let k = 1 - q. Suppose 14 = 4*z + 2*c, -3*z + 3*c = c - 7. Calculate the remainder when z is divided by k.
1
Let j = 37 + -20. Let l = 29 - j. Calculate the remainder when 22 is divided by l.
10
Suppose -3*p + 48 = -21. Calculate the remainder when 111 is divided by p.
19
Suppose -3*g - 3*b + 33 = 0, -g + 4*b - 7 + 23 = 0. Calculate the remainder when g is divided by 7.
5
Suppose -2*m = -4 - 4. Suppose c - 135 = -m*c. Calculate the remainder when c is divided by 14.
13
Suppose -4*z - 3*a = -80, z - 3*z + 2*a + 26 = 0. Calculate the remainder when 67 is divided by z.
16
Suppose 2*m = 7*m - 90. Let q = -9 + m. Calculate the remainder when 17 is divided by q.
8
Let z(t) = t**3 + 4*t**2 - 2*t + 2. Suppose 4*d - 206 = -5*m, -4*d + 160 = 4*m - 2*d. Let g = m + -10. What is the remainder when g is divided by z(-4)?
8
Suppose 0*o + o - 5 = 0. Suppose 0*h - 42 = -3*z + 2*h, -o*z + 70 = -4*h. Calculate the remainder when ((-18)/10)/(7/(-105)) is divided by z.
13
Let f = 20 - 15. Suppose 5*m + 3*j = j + 151, 5*m - f*j = 130. What is the remainder when m is divided by 16?
13
Calculate the remainder when 49 is divided by 106/6 - 18/27.
15
Suppose 6*r - 110 = r. What is the remainder when 86 is divided by r?
20
Let j = -9 - -19. Let r(p) = -p**2 + 18*p + 6. What is the remainder when r(16) is divided by j?
8
What is the remainder when (-4)/16*1 - 987/(-12) is divided by 14?
12
Suppose 4*k + 0*k - 36 = 0. Suppose -f + 7 = z, 3 = 4*f - 5. Calculate the remainder when k is divided by z.
4
Let w(s) = -s**3 + 15*s**2 - s + 32. What is the remainder when 67 is divided by w(15)?
16
What is the remainder when 48 is divided by (-165)/(-9) + 4/6?
10
Let x(h) = 12*h - 19. Let c(j) = -4*j + 6. Let s(m) = -7*c(m) - 2*x(m). Calculate the remainder when s(11) is divided by 21.
19
Let g(r) = r**3 + 7*r**2 + 3*r - 8. Let c be g(-6). Suppose c*b - 36 = 7*b. What is the remainder when 22 is divided by b?
10
Let c(y) = 46*y**2 - 3. Let t(n) = -229*n**2 + 16. Let f(v) = 11*c(v) + 2*t(v). What is the remainder when f(-1) is divided by 24?
23
Let j = -10 - -10. Suppose 3*v - 7*v + 32 = j. What is the remainder when 14 is divided by v?
6
Let m = 34 + -8. What is the remainder when m is divided by 7?
5
Suppose 125*n = 119*n + 60. Let l = -11 - -29. What is the remainder when l is divided by n?
8
Suppose 4*j - z - 39 = 62, -69 = -3*j + 3*z. Calculate the remainder when 77 is divided by j.
25
Let l(r) = r**3 + 9*r**2 - 7*r - 3. Let m(d) = d**3 + 10*d**2 - 8*d - 4. Let p(k) = 3*l(k) - 2*m(k). Calculate the remainder when p(-7) is divided by 9.
7
Let x(c) = c**3 - 2*c**2 - 2*c - 2. Let w(r) = 1 - r**3 - 6 + 0*r - 4*r**2 - 2*r. Let d be w(-4). Calculate the remainder when 1 is divided by x(d).
0
Let t = 3 - -18. Calculate the remainder when 103 is divided by t.
19
Let l = -22 + 13. Let b = l - -17. Suppose -2*j + t = -31, -2*j + 76 = 3*j - t. What is the remainder when j is divided by b?
7
Suppose 62 = 3*h + 3*t + 20, -4*h + 49 = -3*t. Calculate the remainder when 49 is divided by h.
10
Let u be (-45)/10*(0 - 14). Suppose u = -0*t + 3*t + 3*d, 0 = 2*t - 2*d - 38. Calculate the remainder when 77 is divided by t.
17
Suppose -b = -49 - 35. What is the remainder when b is divided by 29?
26
Let z(g) = g + 6. What is the remainder when 102 is divided by z(7)?
11
Suppose -4*c = -c - 9. Suppose 2 = -2*o, -7*k + 69 = -c*k - 5*o. Calculate the remainder when (-30)/(-1) + 0/(-1) is divided by k.
14
Let q = 2 - -1. Suppose 0 = -m - q*m - 5*i + 44, 5*m + 3*i - 55 = 0. Calculate the remainder when 30 is divided by m.
8
Suppose -4*g = 3*n - 13, 3 = 3*n - g - 20. Calculate the remainder when n is divided by 2.
1
Suppose 5*f + 1 = -4. Let q = f + 0. What is the remainder when (-29 + 1)*1*q is divided by 10?
8
Suppose 2*h - 4*h + 2*m = -2, 2*m - 6 = -2*h. Suppose 3*v - 16 = -3*q - 1, -h*q = -5*v - 38. What is the remainder when 16 is divided by q?
7
Let k(q) = -3*q + 12. Calculate the remainder when k(-7) is divided by 12.
9
Suppose -2*k + 50 = 3*t, 3*t + 4*k = -0*t + 52. Suppose 0 = -4*y - 3*n + 175, 4*y = -3*n + 4*n + 187. Calculate the remainder when y is divided by t.
14
Suppose l - 2*x - 69 = 0, 0 = x - 3*x - 8. Calculate the remainder when l is divided by 17.
10
Suppose s - 3 = 5*q + 2, -41 = -3*s + 2*q. Calculate the remainder when s is divided by 9.
6
What is the remainder when (2 + 0)*(-321)/(-6) is divided by 27?
26
Suppose 0 = -9*m - 44 + 179. What is the remainder when m is divided by 9?
6
Suppose 0*z - z = -1. Suppose f + 2*l - 22 = -0*l, -5*l - z = -f. Suppose -3*n + f = -41. Calculate the remainder when 55 is divided by n.
17
Let o(n) = n**2 - 4*n + 6. Suppose j - 2*a - 5 = 0, 8*a - 3*a + 15 = 3*j. Let t be o(j). Suppose -t = -s - 3. Calculate the remainder when s is divided by 3.
2
Suppose 2*o = 3*j - 65, -2*j = 3*j + 5*o - 100. Let d = j + -10. Calculate the remainder when 41 is divided by d.
8
Suppose 4*p = p + 66. Let b be (-3)/(2*(-1)/10). Suppose 0 = 3*f - b, 5*r + 3*f - 7*f - 20 = 0. Calculate the remainder when p is divided by r.
6
Suppose 0 = -2*y - y. Suppose -h + 15 = 4*k, y = 5*k - 6*h + h - 25. Let b = -78 - -91. What is the remainder when b is divided by k?
1
Suppose -202 + 69 = -7*t. What is the remainder when t is divided by 11?
8
Let t = -9 - -44. What is the remainder when t is divided by 9?
8
Let u(z) = z**3 + 8*z**2 - 2*z - 10. Let j be u(-8). Suppose 0 = -4*t - r + 44, -t - 3*r + 5 = -j. Let y = -1 + 5. What is the remainder when t is divided by y?
3
Suppose 4*b - 6 - 26 = 0. Suppose -23 + b = -5*d. Let o = -5 - -12. Calculate the remainder when o is divided by d.
1
Let q(g) = -8*g - 2. Let c be (1 - (-2 + -2))*-1. Let y(d) = -d - 7. Let z be y(c). What is the remainder when 40 is divided by q(z)?
12
Let w(n) = -n**2 - 6*n + 3. Calculate the remainder when 87 is divided by w(-5).
7
Suppose q + 3 = m, 5*m + 0*q + q = 27. Suppose m*p + 2*z - 3*z = 0, -3*p - z = -8. Calculate the remainder when 1 is divided by p.
0
Suppose -2 - 33 = -5*u. Let b = u + 4. Calculate the remainder when b is divided by 7.
4
Suppose 9*a = 5*a + 176. What is the remainder when 173 is divided by a?
41
Let t(d) = -d**2 - 17*d - 17. Calculate the remainder when t(-13) is divided by 19.
16
Suppose -v - 4*v + 850 = 0. Let n = v - 107. What is the remainder when n is divided by 22?
19
Suppose 5*h - 22 = -g - 7, 0 = -4*h - 3*g + 1. Calculate the remainder when 3 + 0 - (-10 - -3) is divided by h.
2
Let y(t) = 2*t**2 + 16*t + 8. Calculate the remainder when y(-9) is divided by 3.
2
Let j = -1 - 1. Let l = j + 4. Suppose 9 = -l*d + 43. Calculate the remainder when d is divided by 6.
5
Let g(v) = 35*v**2 + 3*v - 4. Let x be g(2). Let u = x - 31. What is the remainder when u is divided by 28?
27
Let a = -57 + 78. Calculate the remainder when 61 is divided by a.
19
Let w(z) = -3*z + 14. Calculate the remainder when 15 is divided by w(2).
7
Suppose 0 = 5*h - 3*i - 345 - 138, 5*i = -5. Calculate the remainder when 2/(-10) - h/(-5) is divided by 21/2*(-2)/(-3).
5
Let c = -10 + 22. Calculate the remainder when ((-33)/(-4))/(6/16) is divided by c.
10
Let v(x) = -x**2 + 18*x + 39. Calculate the remainder when 63 is divided by v(19).
3
Let h(i) = 2*i**3 + 3*i**2 + i + 2. Let x be h(-2). Let m(a) = -a. Let o be m(x). Suppose o = j - 6. Calculate the remainder when 18 is divided by j.
8
Let h be 237 + 0 + 2 - 2. Suppose d - 227 = 4*m, -4*m - 2*d = -d + h. Let j = m - -81. Calculate the remainder when j is divided by 8.
7
Suppose 4*r - h = 3*h + 12, 0 = -2*r - h. Let a = 19 + 0. Calculate the remainder when 74/4*r*2 is divided by a.
18
Let t(d) = -21*d + 3. What is the remainder when t(-2) is divided by 12?
9
Let g(y) = -16*y + 1. Suppose -p = t - 65, 5*p = 6*t - t - 345. What is the remainder when t is divided by g(-1)?
16
Suppose 2*c + 1 = -5. Let y = c - -7. What is the remainder when 9 is divided by y?
1
Let g(y) = y**2 + 8*y + 2. What is the remainder when g(-14) is divided by 29?
28
Let a = 192 + -115. What is the remainder when a is divided by 20?
17
Let c(y) = -y**2 + 6*y - 1. Let f be c(5). Suppose f*x = 7*x + 4*h - 32, h = -2*x + 18. Calculate the remainder when (2/2)/((-2)/(-28)) is divided by x.
6
Suppose 14*g - 158 - 234 = 0. What is the remainder when g is divided b